{"id":112,"date":"2025-01-14T21:24:42","date_gmt":"2025-01-14T20:24:42","guid":{"rendered":"https:\/\/grandboismison.com\/?page_id=112"},"modified":"2026-03-18T11:28:29","modified_gmt":"2026-03-18T10:28:29","slug":"cours-et-stages","status":"publish","type":"page","link":"https:\/\/grandboismison.com\/index.php\/cours-et-stages\/","title":{"rendered":"Cours et stages"},"content":{"rendered":"\n<div class=\"wp-block-group alignfull has-background has-global-padding is-layout-constrained wp-block-group-is-layout-constrained\" style=\"background-color:#e5e9ec;padding-top:var(--wp--preset--spacing--small);padding-bottom:var(--wp--preset--spacing--small)\">\n<div class=\"wp-block-group is-style-default has-light-background-background-color has-background has-global-padding is-layout-constrained wp-container-core-group-is-layout-02ab25f7 wp-block-group-is-layout-constrained\" style=\"padding-top:60px;padding-bottom:60px;padding-left:0\">\n<div class=\"wp-block-group has-global-padding is-layout-constrained wp-block-group-is-layout-constrained\">\n<div class=\"wp-block-columns is-layout-flex wp-container-core-columns-is-layout-d7d455e7 wp-block-columns-is-layout-flex\" style=\"padding-top:0;padding-right:0;padding-bottom:0;padding-left:0\">\n<div class=\"wp-block-column is-vertically-aligned-top is-layout-flow wp-block-column-is-layout-flow\" style=\"flex-basis:50%\">\n<figure class=\"wp-block-image alignright size-large\"><img loading=\"lazy\" decoding=\"async\" width=\"1024\" height=\"1024\" src=\"http:\/\/grandboismison.com\/wp-content\/uploads\/2025\/01\/Design-sans-titre-1024x1024.png\" alt=\"Cours \u00e9quitation solo duo pedagogie TREC dressage CSO ethologie\" class=\"wp-image-354\" srcset=\"https:\/\/grandboismison.com\/wp-content\/uploads\/2025\/01\/Design-sans-titre-1024x1024.png 1024w, https:\/\/grandboismison.com\/wp-content\/uploads\/2025\/01\/Design-sans-titre-300x300.png 300w, https:\/\/grandboismison.com\/wp-content\/uploads\/2025\/01\/Design-sans-titre-150x150.png 150w, https:\/\/grandboismison.com\/wp-content\/uploads\/2025\/01\/Design-sans-titre.png 1080w\" sizes=\"auto, (max-width: 1024px) 100vw, 1024px\" \/><\/figure>\n<\/div>\n\n\n\n<div class=\"wp-block-column is-vertically-aligned-center is-layout-flow wp-block-column-is-layout-flow\" style=\"padding-left:var(--wp--preset--spacing--80);flex-basis:50%\">\n<p class=\"has-text-color\" style=\"color:#0bb4aa\"><strong>Ma p\u00e9dagogie<\/strong><\/p>\n\n\n\n<h2 class=\"wp-block-heading has-large-font-size\">Ici on s&#8217;adapte \u00e0 chacun<\/h2>\n\n\n\n<p>Pr\u00eat(e) \u00e0 vivre une exp\u00e9rience \u00e9questre sur-mesure ?<br>Oubliez les grands groupes ! Ici, chaque le\u00e7on est con\u00e7ue pour vous.<br>Que vous soyez d\u00e9butant ou confirm\u00e9, je vous accompagne pas \u00e0 pas dans votre progression, en toute confiance et bienveillance.<br>Mon objectif ? Vous permettre de vous \u00e9panouir \u00e0 cheval et de tisser des liens forts avec ces magnifiques animaux.<br>Je vous accompagne jusqu&#8217;en concours si vous le souhaitez uniquement, en TREC ou dans n&#8217;importe quelle discipline de votre choix. Coaching bienveillant assur\u00e9 !<\/p>\n<\/div>\n<\/div>\n<\/div>\n<\/div>\n<\/div>\n\n\n\n<div style=\"height:100px\" aria-hidden=\"true\" class=\"wp-block-spacer\"><\/div>\n\n\n\n<div class=\"wp-block-group alignfull is-layout-flow wp-container-core-group-is-layout-c4d5c1b7 wp-block-group-is-layout-flow\" id=\"cover\" style=\"margin-top:0px;margin-bottom:0px\">\n<div class=\"wp-block-group alignfull is-layout-flow wp-container-core-group-is-layout-c4d5c1b7 wp-block-group-is-layout-flow\" id=\"cover\" style=\"margin-top:0px;margin-bottom:0px\">\n<div class=\"wp-block-cover alignfull\" style=\"min-height:549px;aspect-ratio:unset;\"><img loading=\"lazy\" decoding=\"async\" width=\"2560\" height=\"1152\" class=\"wp-block-cover__image-background wp-image-326\" alt=\"Club ferme equestre du grand bois equipe concours trec\" src=\"http:\/\/grandboismison.com\/wp-content\/uploads\/2025\/01\/IMG_20240707_180911-scaled.jpg\" data-object-fit=\"cover\" srcset=\"https:\/\/grandboismison.com\/wp-content\/uploads\/2025\/01\/IMG_20240707_180911-scaled.jpg 2560w, https:\/\/grandboismison.com\/wp-content\/uploads\/2025\/01\/IMG_20240707_180911-300x135.jpg 300w, https:\/\/grandboismison.com\/wp-content\/uploads\/2025\/01\/IMG_20240707_180911-1024x461.jpg 1024w, https:\/\/grandboismison.com\/wp-content\/uploads\/2025\/01\/IMG_20240707_180911-2000x900.jpg 2000w, https:\/\/grandboismison.com\/wp-content\/uploads\/2025\/01\/IMG_20240707_180911-scaled-1536x691.jpg 1536w, https:\/\/grandboismison.com\/wp-content\/uploads\/2025\/01\/IMG_20240707_180911-scaled-2048x922.jpg 2048w, https:\/\/grandboismison.com\/wp-content\/uploads\/2025\/01\/IMG_20240707_180911-scaled-600x270.jpg 600w, https:\/\/grandboismison.com\/wp-content\/uploads\/2025\/01\/IMG_20240707_180911-scaled-1200x540.jpg 1200w\" sizes=\"auto, (max-width: 2560px) 100vw, 2560px\" \/><span aria-hidden=\"true\" class=\"wp-block-cover__background has-black-background-color has-background-dim\"><\/span><div class=\"wp-block-cover__inner-container has-global-padding is-layout-constrained wp-block-cover-is-layout-constrained\">\n<div class=\"wp-block-group has-global-padding is-layout-constrained wp-container-core-group-is-layout-4383d167 wp-block-group-is-layout-constrained\">\n<h2 class=\"wp-block-heading has-white-color has-text-color has-large-font-size\">On a forc\u00e9ment la formule qu&#8217;il vous faut !<\/h2>\n\n\n\n<p>Ici pas de centre \u00e9questre classique. Pas de groupes du mercredi ou du samedi. Chacun choisit son cours en fonction de ses envies ou de ses objectifs, toujours sur RDV. La plupart des cours sont individuels mais vous pouvez choisir de venir \u00e0 2 ou 3 entre amis ou en famille si vous souhaitez. Tous nos cours respectent l&#8217;\u00e9thologie du cheval et tous mes enseignements vont en ce sens.<\/p>\n\n\n\n<div style=\"height:31px\" aria-hidden=\"true\" class=\"wp-block-spacer\"><\/div>\n\n\n\n<div class=\"wp-block-buttons is-layout-flex wp-block-buttons-is-layout-flex\">\n<div class=\"wp-block-button is-style-fill\"><a class=\"wp-block-button__link has-secondary-background-color has-background wp-element-button\" href=\"https:\/\/grandboismison.com\/index.php\/ethologie\/\" style=\"border-radius:0px;text-transform:uppercase\" target=\"_blank\" rel=\"noreferrer noopener\">L&#8217;ETHOLOGIE, qu&#8217;est-ce que c&#8217;est ?<\/a><\/div>\n\n\n\n<div class=\"wp-block-button is-style-outline is-style-outline--1\"><a class=\"wp-block-button__link wp-element-button\" href=\"https:\/\/grandboismison.com\/index.php\/contact\/\" style=\"border-radius:0px;text-transform:uppercase\" target=\"_blank\" rel=\"noreferrer noopener\">pour prendre rdv<\/a><\/div>\n<\/div>\n<\/div>\n<\/div><\/div>\n<\/div>\n<\/div>\n\n\n\n<div style=\"height:100px\" aria-hidden=\"true\" class=\"wp-block-spacer\"><\/div>\n\n\n\n<div class=\"wp-block-group has-border-color has-primary-border-color is-layout-flow wp-container-core-group-is-layout-a77db08e wp-block-group-is-layout-flow\" style=\"border-width:1px;border-radius:8px\">\n<div class=\"wp-block-group has-global-padding is-layout-constrained wp-container-core-group-is-layout-92d68a8d wp-block-group-is-layout-constrained\" style=\"padding-top:var(--wp--preset--spacing--large);padding-right:var(--wp--preset--spacing--large);padding-bottom:var(--wp--preset--spacing--large);padding-left:var(--wp--preset--spacing--large)\">\n<div class=\"wp-block-buttons is-vertical is-layout-flex wp-container-core-buttons-is-layout-fe9cc265 wp-block-buttons-is-layout-flex\">\n<div class=\"wp-block-button has-custom-width wp-block-button__width-100\"><a class=\"wp-block-button__link has-secondary-background-color has-background wp-element-button\" href=\"https:\/\/grandboismison.com\/index.php\/contact\/\" style=\"border-radius:99px\">Les Cours \u00e0 l&#8217;unit\u00e9 : 30\u20ac pour travailler tout ce que tu veux pendant une heure ! Prends RDV !<\/a><\/div>\n\n\n\n<div class=\"wp-block-button has-custom-width wp-block-button__width-100\"><a class=\"wp-block-button__link has-secondary-background-color has-background wp-element-button\" style=\"border-radius:99px\">Le FORFAIT 10 cours dont 1 gratuit : 270\u20ac, valable un an.<\/a><\/div>\n\n\n\n<div class=\"wp-block-button has-custom-width wp-block-button__width-100\"><a class=\"wp-block-button__link has-secondary-background-color has-background wp-element-button\" href=\"https:\/\/grandboismison.addock.co\/\" style=\"border-radius:99px\" target=\"_blank\" rel=\"noreferrer noopener\">Les stages : TREC, pr\u00e9paration \u00e0 la rando ou encore \u00e9thologie, tu pourras tout explorer en petits groupes !<\/a><\/div>\n\n\n\n<div class=\"wp-block-button has-custom-width wp-block-button__width-100\"><a class=\"wp-block-button__link has-secondary-background-color has-background wp-element-button\" href=\"https:\/\/grandboismison.addock.co\/\" style=\"border-radius:99px\" target=\"_blank\" rel=\"noreferrer noopener\">Et pour \u00eatre toujours en s\u00e9curit\u00e9, n&#8217;oublie pas de prendre ta licence ! (onglet Licence)<\/a><\/div>\n<\/div>\n<\/div>\n<\/div>\n\n\n\n<div style=\"height:100px\" aria-hidden=\"true\" class=\"wp-block-spacer\"><\/div>\n","protected":false},"excerpt":{"rendered":"<p>Ma p\u00e9dagogie Ici on s&#8217;adapte \u00e0 chacun Pr\u00eat(e) \u00e0 vivre une exp\u00e9rience \u00e9questre sur-mesure ?Oubliez les grands groupes ! Ici, chaque le\u00e7on est con\u00e7ue pour vous.Que vous soyez d\u00e9butant ou confirm\u00e9, je vous accompagne pas \u00e0 pas dans votre progression, en toute confiance et bienveillance.Mon objectif ? Vous permettre de vous \u00e9panouir \u00e0 cheval et &hellip; <\/p>\n<p class=\"link-more\"><a href=\"https:\/\/grandboismison.com\/index.php\/cours-et-stages\/\" class=\"more-link\">Read more<span class=\"screen-reader-text\"> &#8220;Cours et stages&#8221;<\/span><\/a><\/p>\n","protected":false},"author":1,"featured_media":326,"parent":0,"menu_order":0,"comment_status":"closed","ping_status":"closed","template":"","meta":{"footnotes":""},"class_list":["post-112","page","type-page","status-publish","has-post-thumbnail","hentry"],"_links":{"self":[{"href":"https:\/\/grandboismison.com\/index.php\/wp-json\/wp\/v2\/pages\/112","targetHints":{"allow":["GET"]}}],"collection":[{"href":"https:\/\/grandboismison.com\/index.php\/wp-json\/wp\/v2\/pages"}],"about":[{"href":"https:\/\/grandboismison.com\/index.php\/wp-json\/wp\/v2\/types\/page"}],"author":[{"embeddable":true,"href":"https:\/\/grandboismison.com\/index.php\/wp-json\/wp\/v2\/users\/1"}],"replies":[{"embeddable":true,"href":"https:\/\/grandboismison.com\/index.php\/wp-json\/wp\/v2\/comments?post=112"}],"version-history":[{"count":23,"href":"https:\/\/grandboismison.com\/index.php\/wp-json\/wp\/v2\/pages\/112\/revisions"}],"predecessor-version":[{"id":1308,"href":"https:\/\/grandboismison.com\/index.php\/wp-json\/wp\/v2\/pages\/112\/revisions\/1308"}],"wp:featuredmedia":[{"embeddable":true,"href":"https:\/\/grandboismison.com\/index.php\/wp-json\/wp\/v2\/media\/326"}],"wp:attachment":[{"href":"https:\/\/grandboismison.com\/index.php\/wp-json\/wp\/v2\/media?parent=112"}],"curies":[{"name":"wp","href":"https:\/\/api.w.org\/{rel}","templated":true}]}}