{"id":1048,"date":"2025-04-20T14:08:52","date_gmt":"2025-04-20T12:08:52","guid":{"rendered":"https:\/\/grandboismison.com\/?page_id=1048"},"modified":"2025-12-20T23:11:30","modified_gmt":"2025-12-20T22:11:30","slug":"queyras-3-jours-en-bivouac","status":"publish","type":"page","link":"https:\/\/grandboismison.com\/index.php\/queyras-3-jours-en-bivouac\/","title":{"rendered":"Queyras, 3 jours en bivouac"},"content":{"rendered":"\n<div class=\"wp-block-group alignfull has-background-background-color has-background has-global-padding is-layout-constrained wp-block-group-is-layout-constrained\" style=\"margin-top:0px;margin-bottom:0px;padding-top:var(--wp--preset--spacing--xx-large);padding-bottom:var(--wp--preset--spacing--xx-large)\">\n<div class=\"wp-block-group alignwide is-layout-flow wp-container-core-group-is-layout-5dcfa7ce wp-block-group-is-layout-flow\" style=\"padding-top:var(--wp--preset--spacing--medium);padding-right:var(--wp--preset--spacing--small);padding-bottom:var(--wp--preset--spacing--medium);padding-left:var(--wp--preset--spacing--small)\">\n<div class=\"wp-block-columns is-layout-flex wp-container-core-columns-is-layout-28f84493 wp-block-columns-is-layout-flex\">\n<div class=\"wp-block-column is-layout-flow wp-block-column-is-layout-flow\"><\/div>\n\n\n\n<div class=\"wp-block-column is-layout-flow wp-block-column-is-layout-flow\" style=\"flex-basis:720px\">\n<p class=\"has-text-align-center\"><strong><strong>Envie d\u2019une aventure \u00e9questre inoubliable au c\u0153ur des Hautes-Alpes ? Laissez-vous porter par nos fid\u00e8les montures \u00e0 la d\u00e9couverte des alpages sauvages du Queyras, dans un d\u00e9cor montagneux \u00e0 couper le souffle. Pr\u00e9parez-vous pour trois jours d\u2019immersion totale dans une nature pr\u00e9serv\u00e9e, entre d\u00e9fis stimulants et \u00e9merveillement constant\u2026<\/strong><\/strong><\/p>\n\n\n\n<div class=\"wp-block-buttons is-content-justification-center is-layout-flex wp-container-core-buttons-is-layout-2af897fb wp-block-buttons-is-layout-flex\" style=\"margin-top:var(--wp--preset--spacing--medium)\">\n<div class=\"wp-block-button\"><a class=\"wp-block-button__link has-secondary-background-color has-background wp-element-button\" href=\"https:\/\/grandboismison.addock.co\/\">J&#8217;Y VAIS ! \u2192<\/a><\/div>\n\n\n\n<div class=\"wp-block-button is-style-outline is-style-outline--1\"><a class=\"wp-block-button__link wp-element-button\" href=\"https:\/\/grandboismison.com\/index.php\/conditions-generales-de-vente\/\">Conditions \u2192<\/a><\/div>\n<\/div>\n<\/div>\n\n\n\n<div class=\"wp-block-column is-layout-flow wp-block-column-is-layout-flow\"><\/div>\n<\/div>\n<\/div>\n<\/div>\n\n\n\n<div style=\"height:100px\" aria-hidden=\"true\" class=\"wp-block-spacer\"><\/div>\n\n\n\n<div class=\"wp-block-soliloquy-soliloquywp\"><div aria-live=\"polite\" id=\"soliloquy-container-1035_1\" class=\"soliloquy-container soliloquy-transition-fade  soliloquy-theme-base\" style=\"max-width:900px;max-height:600px;\"><ul id=\"soliloquy-1035_1\" class=\"soliloquy-slider soliloquy-slides soliloquy-wrap soliloquy-clear\"><li aria-hidden=\"true\" class=\"soliloquy-item soliloquy-item-1 soliloquy-image-slide\" draggable=\"false\" style=\"list-style:none\"><img decoding=\"async\" id=\"soliloquy-image-1038\" class=\"soliloquy-image soliloquy-image-1\" src=\"https:\/\/grandboismison.com\/wp-content\/uploads\/2025\/04\/IMG_20240802_131635-1-scaled-900x600_c.jpg\" alt=\"IMG_20240802_131635\" \/><\/li><li aria-hidden=\"true\" class=\"soliloquy-item soliloquy-item-2 soliloquy-image-slide\" draggable=\"false\" style=\"list-style:none\"><img decoding=\"async\" id=\"soliloquy-image-1037\" class=\"soliloquy-image soliloquy-image-2\" src=\"https:\/\/grandboismison.com\/wp-content\/uploads\/2025\/04\/IMG_20240802_131630-1-scaled-900x600_c.jpg\" alt=\"IMG_20240802_131630\" \/><\/li><li aria-hidden=\"true\" class=\"soliloquy-item soliloquy-item-3 soliloquy-image-slide\" draggable=\"false\" style=\"list-style:none\"><img decoding=\"async\" id=\"soliloquy-image-1039\" class=\"soliloquy-image soliloquy-image-3\" src=\"https:\/\/grandboismison.com\/wp-content\/uploads\/2025\/04\/IMG_20240802_140457-1-scaled-900x600_c.jpg\" alt=\"IMG_20240802_140457\" \/><\/li><li aria-hidden=\"true\" class=\"soliloquy-item soliloquy-item-4 soliloquy-image-slide\" draggable=\"false\" style=\"list-style:none\"><img decoding=\"async\" id=\"soliloquy-image-1040\" class=\"soliloquy-image soliloquy-image-4\" src=\"https:\/\/grandboismison.com\/wp-content\/uploads\/2025\/04\/le-lac-de-roue-900x600_c.jpg\" alt=\"le-lac-de-roue\" \/><\/li><li aria-hidden=\"true\" class=\"soliloquy-item soliloquy-item-5 soliloquy-image-slide\" draggable=\"false\" style=\"list-style:none\"><img decoding=\"async\" id=\"soliloquy-image-1036\" class=\"soliloquy-image soliloquy-image-5\" src=\"https:\/\/grandboismison.com\/wp-content\/uploads\/2025\/04\/fort-queyras-avec-la-lune-1200x675-1-900x600_c.jpg\" alt=\"fort-queyras-avec-la-lune-1200&#215;675\" \/><\/li><\/ul><\/div><noscript><style type=\"text\/css\">#soliloquy-container-1035_1{opacity:1}<\/style><\/noscript><\/div>\n\n\n\n<div style=\"height:100px\" aria-hidden=\"true\" class=\"wp-block-spacer\"><\/div>\n\n\n\n<h2 class=\"wp-block-heading\"><strong>Trois jours au coeur du Queyras sauvage<\/strong><\/h2>\n\n\n\n<p><\/p>\n\n\n\n<p><strong>Jour 1 \u2013 Ceillac &#8211; Lac Miroir et Lac Sainte-Anne : mise en selle et premi\u00e8res Merveilles<\/strong><\/p>\n\n\n\n<p>Notre aventure d\u00e9bute au paisible camping de Ceillac, point de d\u00e9part id\u00e9al pour une premi\u00e8re boucle riche en d\u00e9couvertes. Cette journ\u00e9e inaugurale vous m\u00e8nera vers deux sites embl\u00e9matiques du Queyras : le scintillant&nbsp;<strong>Lac Miroir<\/strong>, dont la surface lisse refl\u00e8te majestueusement la for\u00eat et les sommets environnants, et le serein&nbsp;<strong>Lac Sainte-Anne<\/strong>&nbsp;aux eaux bleu turquoise, lieu de p\u00e8lerinage nich\u00e9 dans un \u00e9crin min\u00e9ral. Ce sera l\u2019occasion de faire connaissance avec votre cheval et de vous familiariser avec notre mat\u00e9riel de qualit\u00e9 sur des sentiers vari\u00e9s, alternant passages en for\u00eat et chemins d\u2019alpage. Cette premi\u00e8re immersion vous donnera un avant-go\u00fbt de la magie qui vous attend.<\/p>\n\n\n\n<p><strong>Jour 2 \u2013 Ceillac &#8211; Clot Henri : panorama sur Chateau-Queyras<\/strong><\/p>\n\n\n\n<p>Notre aventure continue par le franchissement de l&#8217;impressionnant&nbsp;<strong>Col Fromage<\/strong>&nbsp;\u00e0 2300m d&#8217;altitude. Pendant cette journ\u00e9e autour des alpages du&nbsp;<strong>sommet Bucher<\/strong>, nous irons \u00e0 la rencontre des troupeaux de bovins et des bergers qui y passent l&#8217;\u00e9t\u00e9. Ce sera \u00e9galement l&#8217;occasion de d\u00e9couvrir la faune et la flore alpine. La vue en surplomb de&nbsp;<strong>Chateau Queyras<\/strong>&nbsp;et&nbsp;<strong>Ville Vieille<\/strong>&nbsp;nous donnera l&#8217;occasion de d\u00e9couvrir le patrimoine historique de la vall\u00e9e du Queyras. Nous installerons notre bivouac au&nbsp;<strong>Clot Henri<\/strong>&nbsp;pour passer la nuit \u00e0 proximit\u00e9 d&#8217;une cabane et d&#8217;une source, autour d&#8217;un repas partag\u00e9.<\/p>\n\n\n\n<p><strong>Jour 3 \u2013 Clot Henri &#8211; Ceillac<\/strong><\/p>\n\n\n\n<p>Troisi\u00e8me et dernier jour de notre p\u00e9riple, il s&#8217;agira de reprendre la direction de Ceillac. Nous ferons un d\u00e9tour par&nbsp;<strong>Saint-V\u00e9ran<\/strong>, plus haute commune d&#8217;Europe, o\u00f9 vous d\u00e9couvrirez ses maisons traditionnelles en bois et en pierre et son ambiance paisible de village de montagne. Nous reprendrons la direction de Ceillac par une mont\u00e9e sportive au&nbsp;<strong>Col des Estronques<\/strong>&nbsp;perch\u00e9 \u00e0 2651m d&#8217;altitude. La descente plus douce vous donnera l&#8217;occasion d&#8217;admirer une derni\u00e8re fois le panorama sur la vall\u00e9e de Ceillac avant la fin du d\u00e9jour&#8230;<\/p>\n\n\n\n<div style=\"height:100px\" aria-hidden=\"true\" class=\"wp-block-spacer\"><\/div>\n\n\n\n<div class=\"wp-block-group has-global-padding is-layout-constrained wp-block-group-is-layout-constrained\">\n<div class=\"wp-block-group has-white-color has-secondary-background-color has-text-color has-background is-layout-flow wp-block-group-is-layout-flow\" style=\"border-radius:20px;padding-top:50px;padding-right:50px;padding-bottom:50px;padding-left:50px\">\n<div class=\"wp-block-columns is-layout-flex wp-container-core-columns-is-layout-28f84493 wp-block-columns-is-layout-flex\">\n<div class=\"wp-block-column is-layout-flow wp-block-column-is-layout-flow\">\n<h1 class=\"wp-block-heading\"><mark style=\"background-color:rgba(0, 0, 0, 0)\" class=\"has-inline-color has-white-color\">Nos coups de coeur :<\/mark><\/h1>\n<\/div>\n\n\n\n<div class=\"wp-block-column is-layout-flow wp-block-column-is-layout-flow\">\n<h1 class=\"wp-block-heading\"><mark style=\"background-color:rgba(0, 0, 0, 0)\" class=\"has-inline-color has-white-color\">Niveau de difficult\u00e9 :<\/mark><\/h1>\n<\/div>\n<\/div>\n\n\n\n<p><\/p>\n\n\n\n<div class=\"wp-block-columns is-layout-flex wp-container-core-columns-is-layout-28f84493 wp-block-columns-is-layout-flex\">\n<div class=\"wp-block-column is-layout-flow wp-block-column-is-layout-flow\">\n<ul class=\"wp-block-list\">\n<li>3 jours d&#8217;immersion dans le plus beau massif des Alpes !<\/li>\n\n\n\n<li>2 nuits en bivouac en montagne<\/li>\n\n\n\n<li>Des chevaux parfaitement habitu\u00e9s \u00e0 l&#8217;exercice <\/li>\n\n\n\n<li>Un encadrement professionnel pour assurer votre s\u00e9curit\u00e9<\/li>\n\n\n\n<li>Des paysages f\u00e9\u00e9riques !<\/li>\n<\/ul>\n<\/div>\n\n\n\n<div class=\"wp-block-column is-layout-flow wp-block-column-is-layout-flow\">\n<figure class=\"wp-block-image aligncenter size-large is-resized\"><img loading=\"lazy\" decoding=\"async\" width=\"1024\" height=\"627\" src=\"http:\/\/grandboismison.com\/wp-content\/uploads\/2025\/04\/Design-sans-titre-1024x627.png\" alt=\"niveau difficile\" class=\"wp-image-1031\" style=\"width:234px;height:auto\" srcset=\"https:\/\/grandboismison.com\/wp-content\/uploads\/2025\/04\/Design-sans-titre-1024x627.png 1024w, https:\/\/grandboismison.com\/wp-content\/uploads\/2025\/04\/Design-sans-titre-300x184.png 300w, https:\/\/grandboismison.com\/wp-content\/uploads\/2025\/04\/Design-sans-titre.png 1080w\" sizes=\"auto, (max-width: 1024px) 100vw, 1024px\" \/><figcaption class=\"wp-element-caption\">Niveau Difficile<\/figcaption><\/figure>\n<\/div>\n<\/div>\n<\/div>\n<\/div>\n\n\n\n<div style=\"height:100px\" aria-hidden=\"true\" class=\"wp-block-spacer\"><\/div>\n\n\n\n<p><strong>Pr\u00eat pour l&#8217;aventure ?<\/strong><\/p>\n\n\n\n<p>N&#8217;attendez plus pour vivre une exp\u00e9rience \u00e9questre unique au c\u0153ur du Queyras ! Contactez-nous et r\u00e9servez votre place pour cette immersion inoubliable dans la beaut\u00e9 des Alpes !<\/p>\n\n\n\n<div style=\"height:100px\" aria-hidden=\"true\" class=\"wp-block-spacer\"><\/div>\n\n\n\n<div class=\"wp-block-group alignfull is-layout-flow wp-container-core-group-is-layout-c4d5c1b7 wp-block-group-is-layout-flow\" id=\"cover\" style=\"margin-top:0px;margin-bottom:0px\">\n<div class=\"wp-block-cover alignfull has-parallax\" style=\"min-height:549px;aspect-ratio:unset;\"><div class=\"wp-block-cover__image-background wp-image-1027 size-large has-parallax\" style=\"background-position:50% 50%;background-image:url(http:\/\/grandboismison.com\/wp-content\/uploads\/2025\/04\/IMG_20240802_131630-1024x461.jpg)\"><\/div><span aria-hidden=\"true\" class=\"wp-block-cover__background has-black-background-color has-background-dim\"><\/span><div class=\"wp-block-cover__inner-container has-global-padding is-layout-constrained wp-block-cover-is-layout-constrained\">\n<div class=\"wp-block-group has-global-padding is-layout-constrained wp-container-core-group-is-layout-4383d167 wp-block-group-is-layout-constrained\">\n<h2 class=\"wp-block-heading has-white-color has-text-color has-large-font-size\">Je veux vivre cette exp\u00e9rience !<\/h2>\n\n\n\n<p>Vous avez encore des question ? Appellez-moi au <a href=\"tel:0698875767\">06 98 87 57 67<\/a>,<br>je r\u00e9pondrai \u00e0 toutes vos questions sur cette randonn\u00e9e !<\/p>\n\n\n\n<div style=\"height:31px\" aria-hidden=\"true\" class=\"wp-block-spacer\"><\/div>\n\n\n\n<div class=\"wp-block-buttons is-layout-flex wp-block-buttons-is-layout-flex\">\n<div class=\"wp-block-button is-style-fill\"><a class=\"wp-block-button__link has-secondary-background-color has-background wp-element-button\" href=\"https:\/\/grandboismison.addock.co\/\" style=\"border-radius:0px;text-transform:uppercase\">je reserve<\/a><\/div>\n\n\n\n<div class=\"wp-block-button is-style-outline is-style-outline--2\"><a class=\"wp-block-button__link wp-element-button\" href=\"https:\/\/grandboismison.com\/index.php\/conditions-generales-de-vente\/\" style=\"border-radius:0px;text-transform:uppercase\">je lis les cgv<\/a><\/div>\n<\/div>\n<\/div>\n<\/div><\/div>\n<\/div>\n\n\n\n<div style=\"height:100px\" aria-hidden=\"true\" class=\"wp-block-spacer\"><\/div>\n","protected":false},"excerpt":{"rendered":"<p>Envie d\u2019une aventure \u00e9questre inoubliable au c\u0153ur des Hautes-Alpes ? Laissez-vous porter par nos fid\u00e8les montures \u00e0 la d\u00e9couverte des alpages sauvages du Queyras, dans un d\u00e9cor montagneux \u00e0 couper le souffle. Pr\u00e9parez-vous pour trois jours d\u2019immersion totale dans une nature pr\u00e9serv\u00e9e, entre d\u00e9fis stimulants et \u00e9merveillement constant\u2026 Trois jours au coeur du Queyras sauvage &hellip; <\/p>\n<p class=\"link-more\"><a href=\"https:\/\/grandboismison.com\/index.php\/queyras-3-jours-en-bivouac\/\" class=\"more-link\">Read more<span class=\"screen-reader-text\"> &#8220;Queyras, 3 jours en bivouac&#8221;<\/span><\/a><\/p>\n","protected":false},"author":1,"featured_media":0,"parent":0,"menu_order":0,"comment_status":"closed","ping_status":"closed","template":"","meta":{"footnotes":""},"class_list":["post-1048","page","type-page","status-publish","hentry"],"_links":{"self":[{"href":"https:\/\/grandboismison.com\/index.php\/wp-json\/wp\/v2\/pages\/1048","targetHints":{"allow":["GET"]}}],"collection":[{"href":"https:\/\/grandboismison.com\/index.php\/wp-json\/wp\/v2\/pages"}],"about":[{"href":"https:\/\/grandboismison.com\/index.php\/wp-json\/wp\/v2\/types\/page"}],"author":[{"embeddable":true,"href":"https:\/\/grandboismison.com\/index.php\/wp-json\/wp\/v2\/users\/1"}],"replies":[{"embeddable":true,"href":"https:\/\/grandboismison.com\/index.php\/wp-json\/wp\/v2\/comments?post=1048"}],"version-history":[{"count":3,"href":"https:\/\/grandboismison.com\/index.php\/wp-json\/wp\/v2\/pages\/1048\/revisions"}],"predecessor-version":[{"id":1189,"href":"https:\/\/grandboismison.com\/index.php\/wp-json\/wp\/v2\/pages\/1048\/revisions\/1189"}],"wp:attachment":[{"href":"https:\/\/grandboismison.com\/index.php\/wp-json\/wp\/v2\/media?parent=1048"}],"curies":[{"name":"wp","href":"https:\/\/api.w.org\/{rel}","templated":true}]}}